{"id":88094,"date":"2019-07-27T10:45:56","date_gmt":"2019-07-27T10:45:56","guid":{"rendered":"https:\/\/www.novaconcursos.com.br\/portal\/?post_type=cargos&#038;p=88094"},"modified":"2019-07-27T10:45:56","modified_gmt":"2019-07-27T10:45:56","slug":"supervisor-escolar","status":"publish","type":"cargos","link":"https:\/\/www.novaconcursos.com.br\/portal\/cargos\/supervisor-escolar\/","title":{"rendered":"O que faz: Supervisor escolar"},"content":{"rendered":"<p>O profissional ir\u00e1 articular, sistematizar e acompanhar a execu\u00e7\u00e3o do Projeto Pol\u00edtico Pedag\u00f3gico com o coletivo de profissionais da Unidade Educativa. <\/p>","protected":false},"featured_media":0,"template":"","categories":[],"tags":[],"class_list":["post-88094","cargos","type-cargos","status-publish","hentry"],"acf":[],"_links":{"self":[{"href":"https:\/\/www.novaconcursos.com.br\/portal\/wp-json\/wp\/v2\/cargos\/88094","targetHints":{"allow":["GET"]}}],"collection":[{"href":"https:\/\/www.novaconcursos.com.br\/portal\/wp-json\/wp\/v2\/cargos"}],"about":[{"href":"https:\/\/www.novaconcursos.com.br\/portal\/wp-json\/wp\/v2\/types\/cargos"}],"version-history":[{"count":0,"href":"https:\/\/www.novaconcursos.com.br\/portal\/wp-json\/wp\/v2\/cargos\/88094\/revisions"}],"wp:attachment":[{"href":"https:\/\/www.novaconcursos.com.br\/portal\/wp-json\/wp\/v2\/media?parent=88094"}],"wp:term":[{"taxonomy":"category","embeddable":true,"href":"https:\/\/www.novaconcursos.com.br\/portal\/wp-json\/wp\/v2\/categories?post=88094"},{"taxonomy":"post_tag","embeddable":true,"href":"https:\/\/www.novaconcursos.com.br\/portal\/wp-json\/wp\/v2\/tags?post=88094"}],"curies":[{"name":"wp","href":"https:\/\/api.w.org\/{rel}","templated":true}]}}

<p>O profissional irá articular, sistematizar e acompanhar a execução do Projeto Político Pedagógico com o coletivo de profissionais da Unidade Educativa. </p>
